{"id":43,"date":"2025-02-04T15:21:37","date_gmt":"2025-02-04T15:21:37","guid":{"rendered":"https:\/\/abrilpopular.ese.ipp.pt\/?page_id=43"},"modified":"2025-12-19T16:22:23","modified_gmt":"2025-12-19T16:22:23","slug":"andst","status":"publish","type":"page","link":"https:\/\/abrilpopular.ese.ipp.pt\/?page_id=43","title":{"rendered":"Associa\u00e7\u00e3o Nacional dos Deficientes Sinistrados no Trabalho"},"content":{"rendered":"\n<div class=\"wp-block-group is-nowrap is-layout-flex wp-container-core-group-is-layout-f66f9956 wp-block-group-is-layout-flex\"><div class=\"wp-block-site-logo\"><a href=\"https:\/\/abrilpopular.ese.ipp.pt\/\" class=\"custom-logo-link\" rel=\"home\"><img loading=\"lazy\" decoding=\"async\" width=\"36\" height=\"36\" src=\"https:\/\/abrilpopular.ese.ipp.pt\/wp-content\/uploads\/2025\/02\/cropped-Abril_cores.png\" class=\"custom-logo\" alt=\"Associa\u00e7\u00f5es Populares de Abril no Porto\" srcset=\"https:\/\/abrilpopular.ese.ipp.pt\/wp-content\/uploads\/2025\/02\/cropped-Abril_cores.png 512w, https:\/\/abrilpopular.ese.ipp.pt\/wp-content\/uploads\/2025\/02\/cropped-Abril_cores-300x300.png 300w, https:\/\/abrilpopular.ese.ipp.pt\/wp-content\/uploads\/2025\/02\/cropped-Abril_cores-150x150.png 150w, https:\/\/abrilpopular.ese.ipp.pt\/wp-content\/uploads\/2025\/02\/cropped-Abril_cores-270x270.png 270w, https:\/\/abrilpopular.ese.ipp.pt\/wp-content\/uploads\/2025\/02\/cropped-Abril_cores-192x192.png 192w, https:\/\/abrilpopular.ese.ipp.pt\/wp-content\/uploads\/2025\/02\/cropped-Abril_cores-180x180.png 180w, https:\/\/abrilpopular.ese.ipp.pt\/wp-content\/uploads\/2025\/02\/cropped-Abril_cores-32x32.png 32w\" sizes=\"auto, (max-width: 36px) 100vw, 36px\" \/><\/a><\/div>\n\n\n<h2 class=\"wp-block-heading has-x-large-font-size\"><strong>Associa\u00e7\u00e3o Nacional dos Deficientes Sinistrados no Trabalho<\/strong><\/h2>\n<\/div>\n\n\n\n<div style=\"height:51px\" aria-hidden=\"true\" class=\"wp-block-spacer\"><\/div>\n\n\n\n<div class=\"wp-block-media-text is-stacked-on-mobile is-image-fill-element\" style=\"grid-template-columns:45% auto\"><figure class=\"wp-block-media-text__media\"><a href=\"https:\/\/www.andst.pt\/\"><img loading=\"lazy\" decoding=\"async\" width=\"726\" height=\"554\" src=\"https:\/\/abrilpopular.ese.ipp.pt\/wp-content\/uploads\/2025\/02\/andst-manifestacao-6-de-outubro-74-1.png\" alt=\"\" class=\"wp-image-394 size-full\" style=\"object-position:12% 27%\" srcset=\"https:\/\/abrilpopular.ese.ipp.pt\/wp-content\/uploads\/2025\/02\/andst-manifestacao-6-de-outubro-74-1.png 726w, https:\/\/abrilpopular.ese.ipp.pt\/wp-content\/uploads\/2025\/02\/andst-manifestacao-6-de-outubro-74-1-300x229.png 300w\" sizes=\"auto, (max-width: 726px) 100vw, 726px\" \/><\/a><\/figure><div class=\"wp-block-media-text__content\">\n<div class=\"wp-block-group has-global-padding is-layout-constrained wp-block-group-is-layout-constrained\">\n<p class=\"has-vollkorn-font-family\">Criada em 1976, na sequ\u00eancia das primeiras manifesta\u00e7\u00f5es p\u00fablicas no Porto (1974, 1975) de trabalhadores v\u00edtimas de acidentes de trabalho, e agora convertida transformada em IPSS \u2013 Institui\u00e7\u00e3o Privada sem Fins Lucrativos &#8211; a <strong>Associa\u00e7\u00e3o Nacional dos Deficientes Sinistrados no Trabalho<\/strong> <strong>(ANDST) <\/strong>tem \u00e2mbito de atua\u00e7\u00e3o nacional.<\/p>\n\n\n\n<div style=\"height:21px\" aria-hidden=\"true\" class=\"wp-block-spacer\"><\/div>\n\n\n\n<p class=\"has-vollkorn-font-family\">Ao longo dos anos, tem assumido a presta\u00e7\u00e3o de um conjunto de servi\u00e7os aos seus associados, nomeadamente apoio psicol\u00f3gico e t\u00e9cnico, entre outros, e foi financiada pelo Instituto Nacional de Reabilita\u00e7\u00e3o (INR) e Seguran\u00e7a Social.<\/p>\n\n\n\n<div style=\"height:21px\" aria-hidden=\"true\" class=\"wp-block-spacer\"><\/div>\n\n\n\n<p class=\"has-vollkorn-font-family\">Mant\u00e9m nos seus objetivos \u201cexigir pol\u00edticas de justi\u00e7a social&#8221; e participou de processos de audi\u00eancia e negocia\u00e7\u00e3o com o governo sobre pol\u00edticas trabalhistas e de defici\u00eancia.<\/p>\n\n\n\n<div style=\"height:21px\" aria-hidden=\"true\" class=\"wp-block-spacer\"><\/div>\n\n\n\n<p class=\"has-vollkorn-font-family\">O desenvolvimento das solidariedades amadurecidas no seio do movimento popular est\u00e3o na raiz desta associa\u00e7\u00e3o, permitindo-nos reconhecer a import\u00e2ncia do associativismo como resposta auto-organizada do movimento oper\u00e1rio ao quotidiano do trabalho em Portugal.<\/p>\n\n\n\n<div style=\"height:21px\" aria-hidden=\"true\" class=\"wp-block-spacer\"><\/div>\n\n\n\n<p class=\"has-vollkorn-font-family\">Como parte deste projeto, a ANDST colaborar\u00e1 com a equipa de investiga\u00e7\u00e3o cedendo o acesso aos seus arquivos, bem como o contacto com atuais e ex-dirigentes e membros da associa\u00e7\u00e3o.<\/p>\n\n\n\n<div style=\"height:51px\" aria-hidden=\"true\" class=\"wp-block-spacer\"><\/div>\n\n\n\n<p class=\"has-vollkorn-font-family\"><strong><a href=\"https:\/\/www.andst.pt\/\">Visite o site da ANDST.<\/a><\/strong><\/p>\n<\/div>\n<\/div><\/div>\n\n\n\n<div class=\"wp-block-buttons has-custom-font-size has-vollkorn-font-family has-medium-font-size is-content-justification-right is-nowrap is-layout-flex wp-container-core-buttons-is-layout-66f30edd wp-block-buttons-is-layout-flex\" style=\"border-style:none;border-width:0px;margin-top:var(--wp--preset--spacing--20);margin-bottom:var(--wp--preset--spacing--20);padding-top:var(--wp--preset--spacing--30);padding-right:0;padding-bottom:var(--wp--preset--spacing--30);padding-left:0\">\n<div class=\"wp-block-button has-custom-width wp-block-button__width-50 is-style-fill\"><a class=\"wp-block-button__link has-vollkorn-font-family wp-element-button\" href=\"https:\/\/abrilpopular.ese.ipp.pt\/?page_id=595\" style=\"padding-top:var(--wp--preset--spacing--20);padding-right:var(--wp--preset--spacing--30);padding-bottom:var(--wp--preset--spacing--20);padding-left:var(--wp--preset--spacing--30)\">Testemunhos<\/a><\/div>\n\n\n<!--\n\n<div class=\"wp-block-button has-custom-width wp-block-button__width-50\"><a class=\"wp-block-button__link has-vollkorn-font-family wp-element-button\" href=\"https:\/\/abrilpopular.ese.ipp.pt\/?page_id=598\" style=\"padding-top:var(--wp--preset--spacing--20);padding-right:var(--wp--preset--spacing--30);padding-bottom:var(--wp--preset--spacing--20);padding-left:var(--wp--preset--spacing--30)\">Arquivo<\/a><\/div>\n<\/div>\n-->\n<!-- \/wp:buttons \n\n\n<p><\/p>\n","protected":false},"excerpt":{"rendered":"<p>Associa\u00e7\u00e3o Nacional dos Deficientes Sinistrados no Trabalho<\/p>\n","protected":false},"author":2,"featured_media":0,"parent":21,"menu_order":11,"comment_status":"closed","ping_status":"closed","template":"","meta":{"footnotes":""},"class_list":["post-43","page","type-page","status-publish","hentry"],"_links":{"self":[{"href":"https:\/\/abrilpopular.ese.ipp.pt\/index.php?rest_route=\/wp\/v2\/pages\/43","targetHints":{"allow":["GET"]}}],"collection":[{"href":"https:\/\/abrilpopular.ese.ipp.pt\/index.php?rest_route=\/wp\/v2\/pages"}],"about":[{"href":"https:\/\/abrilpopular.ese.ipp.pt\/index.php?rest_route=\/wp\/v2\/types\/page"}],"author":[{"embeddable":true,"href":"https:\/\/abrilpopular.ese.ipp.pt\/index.php?rest_route=\/wp\/v2\/users\/2"}],"replies":[{"embeddable":true,"href":"https:\/\/abrilpopular.ese.ipp.pt\/index.php?rest_route=%2Fwp%2Fv2%2Fcomments&post=43"}],"version-history":[{"count":15,"href":"https:\/\/abrilpopular.ese.ipp.pt\/index.php?rest_route=\/wp\/v2\/pages\/43\/revisions"}],"predecessor-version":[{"id":1134,"href":"https:\/\/abrilpopular.ese.ipp.pt\/index.php?rest_route=\/wp\/v2\/pages\/43\/revisions\/1134"}],"up":[{"embeddable":true,"href":"https:\/\/abrilpopular.ese.ipp.pt\/index.php?rest_route=\/wp\/v2\/pages\/21"}],"wp:attachment":[{"href":"https:\/\/abrilpopular.ese.ipp.pt\/index.php?rest_route=%2Fwp%2Fv2%2Fmedia&parent=43"}],"curies":[{"name":"wp","href":"https:\/\/api.w.org\/{rel}","templated":true}]}}